{"id":20,"date":"2023-05-25T12:21:20","date_gmt":"2023-05-25T12:21:20","guid":{"rendered":"https:\/\/creacommunity.org\/all-women\/?page_id=20"},"modified":"2025-03-24T15:33:13","modified_gmt":"2025-03-24T15:33:13","slug":"project-dissemination","status":"publish","type":"page","link":"https:\/\/creacommunity.org\/all-women\/project-dissemination\/","title":{"rendered":"Project dissemination"},"content":{"rendered":"\t\t<div data-elementor-type=\"wp-page\" data-elementor-id=\"20\" class=\"elementor elementor-20\">\n\t\t\t\t\t\t<section class=\"elementor-section elementor-top-section elementor-element elementor-element-4c0f61ef elementor-section-boxed elementor-section-height-default elementor-section-height-default\" data-id=\"4c0f61ef\" data-element_type=\"section\" data-settings=\"{&quot;background_background&quot;:&quot;classic&quot;}\">\n\t\t\t\t\t\t<div class=\"elementor-container elementor-column-gap-default\">\n\t\t\t\t\t<div class=\"elementor-column elementor-col-100 elementor-top-column elementor-element elementor-element-759d63c1\" data-id=\"759d63c1\" data-element_type=\"column\">\n\t\t\t<div class=\"elementor-widget-wrap elementor-element-populated\">\n\t\t\t\t\t\t<div class=\"elementor-element elementor-element-59fcfca4 elementor-widget elementor-widget-spacer\" data-id=\"59fcfca4\" data-element_type=\"widget\" data-widget_type=\"spacer.default\">\n\t\t\t\t<div class=\"elementor-widget-container\">\n\t\t\t\t\t\t\t<div class=\"elementor-spacer\">\n\t\t\t<div class=\"elementor-spacer-inner\"><\/div>\n\t\t<\/div>\n\t\t\t\t\t\t<\/div>\n\t\t\t\t<\/div>\n\t\t\t\t\t<\/div>\n\t\t<\/div>\n\t\t\t\t\t<\/div>\n\t\t<\/section>\n\t\t\t\t<section class=\"elementor-section elementor-top-section elementor-element elementor-element-9900c3b elementor-section-boxed elementor-section-height-default elementor-section-height-default\" data-id=\"9900c3b\" data-element_type=\"section\">\n\t\t\t\t\t\t<div class=\"elementor-container elementor-column-gap-default\">\n\t\t\t\t\t<div class=\"elementor-column elementor-col-100 elementor-top-column elementor-element elementor-element-2fa7f1f1\" data-id=\"2fa7f1f1\" data-element_type=\"column\">\n\t\t\t<div class=\"elementor-widget-wrap elementor-element-populated\">\n\t\t\t\t\t\t<div class=\"elementor-element elementor-element-4bb95774 elementor-widget elementor-widget-heading\" data-id=\"4bb95774\" data-element_type=\"widget\" data-widget_type=\"heading.default\">\n\t\t\t\t<div class=\"elementor-widget-container\">\n\t\t\t\t\t<h2 class=\"elementor-heading-title elementor-size-default\">Project Dissemination<\/h2>\t\t\t\t<\/div>\n\t\t\t\t<\/div>\n\t\t\t\t\t<\/div>\n\t\t<\/div>\n\t\t\t\t\t<\/div>\n\t\t<\/section>\n\t\t\t\t<section class=\"elementor-section elementor-top-section elementor-element elementor-element-8d13bad elementor-section-boxed elementor-section-height-default elementor-section-height-default\" data-id=\"8d13bad\" data-element_type=\"section\">\n\t\t\t\t\t\t<div class=\"elementor-container elementor-column-gap-default\">\n\t\t\t\t\t<div class=\"elementor-column elementor-col-100 elementor-top-column elementor-element elementor-element-7945d91\" data-id=\"7945d91\" data-element_type=\"column\">\n\t\t\t<div class=\"elementor-widget-wrap elementor-element-populated\">\n\t\t\t\t\t\t<div class=\"elementor-element elementor-element-a3b1273 elementor-widget elementor-widget-image\" data-id=\"a3b1273\" data-element_type=\"widget\" data-widget_type=\"image.default\">\n\t\t\t\t<div class=\"elementor-widget-container\">\n\t\t\t\t\t\t\t\t\t\t\t\t\t\t\t<img fetchpriority=\"high\" decoding=\"async\" width=\"724\" height=\"1024\" src=\"https:\/\/creacommunity.org\/all-women\/wp-content\/uploads\/2024\/11\/CARTEL-CONFERENCIA-FINAL-ALL-WOMEN-1511-3-724x1024.png\" class=\"attachment-large size-large wp-image-340\" alt=\"\" srcset=\"https:\/\/creacommunity.org\/all-women\/wp-content\/uploads\/2024\/11\/CARTEL-CONFERENCIA-FINAL-ALL-WOMEN-1511-3-724x1024.png 724w, https:\/\/creacommunity.org\/all-women\/wp-content\/uploads\/2024\/11\/CARTEL-CONFERENCIA-FINAL-ALL-WOMEN-1511-3-212x300.png 212w, https:\/\/creacommunity.org\/all-women\/wp-content\/uploads\/2024\/11\/CARTEL-CONFERENCIA-FINAL-ALL-WOMEN-1511-3-768x1086.png 768w, https:\/\/creacommunity.org\/all-women\/wp-content\/uploads\/2024\/11\/CARTEL-CONFERENCIA-FINAL-ALL-WOMEN-1511-3-1086x1536.png 1086w, https:\/\/creacommunity.org\/all-women\/wp-content\/uploads\/2024\/11\/CARTEL-CONFERENCIA-FINAL-ALL-WOMEN-1511-3.png 1414w\" sizes=\"(max-width: 724px) 100vw, 724px\" \/>\t\t\t\t\t\t\t\t\t\t\t\t\t\t\t<\/div>\n\t\t\t\t<\/div>\n\t\t\t\t\t<\/div>\n\t\t<\/div>\n\t\t\t\t\t<\/div>\n\t\t<\/section>\n\t\t\t\t<section class=\"elementor-section elementor-top-section elementor-element elementor-element-72ef830 elementor-section-boxed elementor-section-height-default elementor-section-height-default\" data-id=\"72ef830\" data-element_type=\"section\">\n\t\t\t\t\t\t<div class=\"elementor-container elementor-column-gap-default\">\n\t\t\t\t\t<div class=\"elementor-column elementor-col-100 elementor-top-column elementor-element elementor-element-aaada72\" data-id=\"aaada72\" data-element_type=\"column\">\n\t\t\t<div class=\"elementor-widget-wrap elementor-element-populated\">\n\t\t\t\t\t\t<div class=\"elementor-element elementor-element-a7f01cf elementor-widget elementor-widget-heading\" data-id=\"a7f01cf\" data-element_type=\"widget\" data-widget_type=\"heading.default\">\n\t\t\t\t<div class=\"elementor-widget-container\">\n\t\t\t\t\t<h2 class=\"elementor-heading-title elementor-size-default\">Publications<\/h2>\t\t\t\t<\/div>\n\t\t\t\t<\/div>\n\t\t\t\t<div class=\"elementor-element elementor-element-d784dbb elementor-widget elementor-widget-text-editor\" data-id=\"d784dbb\" data-element_type=\"widget\" data-widget_type=\"text-editor.default\">\n\t\t\t\t<div class=\"elementor-widget-container\">\n\t\t\t\t\t\t\t\t\t<p>Crespo-L\u00f3pez, A., Valls-Carol, R., &amp; Giner-Gota, E. (2025). The co-creation and implementation of a protocol for the prevention of gender violence in a non-university adult educational center. <em>Behavioral Sciences, 15<\/em>(4), 406.&nbsp;<a href=\"https:\/\/www.mdpi.com\/2076-328X\/15\/4\/406\" target=\"_blank\">https:\/\/doi.org\/10.3390\/bs15040406<\/a>&nbsp;<\/p>\n<p>Crespo-L\u00f3pez, A., Ca\u00f1averas, P., \u00c1lvarez-Guerrero, G., Olabarria, A., Lopez de Aguileta, G., Alzaga, A., Bordanoba, L., Puigvert, L., Flecha, R., &amp; Soler-Gallart, M. (2025).&nbsp;Casilda Iturrizar: A Case of Overcoming the Invisibilization of Women Relevant for Their Religiosity.&nbsp;<em>Social Sciences<\/em>,&nbsp;<em>14<\/em>(1), 53.&nbsp;<a href=\"https:\/\/doi.org\/10.3390\/socsci14010053\">https:\/\/doi.org\/10.3390\/socsci14010053<\/a>&nbsp;<\/p>\n<p><span style=\"font-style: inherit; font-weight: inherit; background-color: var(--ast-global-color-5);\">Padr\u00f3s-Cuxart, M., Crespo-L\u00f3pez, A., Lopez de Aguileta, G., &amp; Jarque-Mur, C. (2024). Impact on mental health and well-being of the dialogic literary gathering among women in a primary healthcare centre. <\/span><span style=\"font-weight: inherit; background-color: var(--ast-global-color-5);\"><i>International Journal of Qualitative Studies on Health and Well-Being, 19(1).<\/i><\/span><span style=\"font-style: inherit; font-weight: inherit; background-color: var(--ast-global-color-5);\">&nbsp;<\/span><a href=\"https:\/\/doi.org\/10.1080\/17482631.2024.2370901\" target=\"_blank\" rel=\"noopener\">https:\/\/doi.org\/10.1080\/17482631.2024.2370901<\/a><span style=\"background-color: var(--ast-global-color-5);\">&nbsp;<\/span><\/p>\n<p><span style=\"font-style: inherit; font-weight: inherit; background-color: var(--ast-global-color-5);\">Tellado, I., Girb\u00e9s-Peco, S., Joanpere-Foraster, M.&amp; Burgu\u00e9s-Freitas, A. (2024). Digital Literacy of Older Women with Smartphones: a Dialogic Approach to Overcoming Barriers. <\/span><span style=\"font-weight: inherit; background-color: var(--ast-global-color-5);\"><i>Research on Ageing and Social Policy,12 (1), 44-61.<\/i><\/span> <a style=\"font-style: inherit; font-weight: inherit;\" href=\"https:\/\/doi.org\/10.17583\/rasp.13864\">https:\/\/doi.org\/10.17583\/rasp.13864&nbsp;<\/a><\/p>\n<p>Ruiz-Eugenio, L., Munte-Pascual, A., Khalfaoui, A., Serradell, O. (2023) Dialogic scientific gatherings with mothers and teachers from a primary school: raising awareness about the impact of gender and education research. <i>Humanities and Social Science Communications 10, 699.<\/i> <a href=\"https:\/\/doi.org\/10.1057\/s41599-023-02224-6\">https:\/\/doi.org\/10.1057\/s41599-023-02224-6<\/a><\/p>\n<p>Ruiz-Eugenio, L., Tellado, I., Valls-Carol, R., &amp; Gairal-Casad\u00f3, R. (2023). Dialogic popular education in Spain and its impact on society, educational and social theory, and European research.&nbsp;<i>European Journal for Research on the Education and Learning of Adults<\/i>,&nbsp;<i>14<\/i>(1), 47\u201361.&nbsp;<a href=\"https:\/\/doi.org\/10.3384\/rela.2000-7426.4325\" target=\"_blank\" rel=\"noopener noreferrer\" data-auth=\"NotApplicable\" data-linkindex=\"0\">https:\/\/doi.org\/10.3384\/rela.2000-7426.4325<\/a><\/p>\n<p>Ruiz-Eugenio, L.;&nbsp;Soler-Gallart, M.; Racionero-Plaza, S.; Padr\u00f3s, M. (2023) Dialogic literary gatherings: A systematic review of evidence to overcome social and educational inequalities. <i>Educational Research Review,&nbsp;<\/i><span style=\"background-color: var(--ast-global-color-5);\"><i>39, 100534.<\/i><\/span><span style=\"font-style: inherit; font-weight: inherit; background-color: var(--ast-global-color-5);\">&nbsp;<\/span><a style=\"font-style: inherit; font-weight: inherit;\" href=\"https:\/\/doi.org\/10.1016\/j.edurev.2023.100534\" target=\"_blank\" rel=\"noopener noreferrer\" data-auth=\"NotApplicable\" data-linkindex=\"1\">https:\/\/doi.org\/10.1016\/j.edurev.2023.10053<\/a><\/p>\n<p><a style=\"font-style: inherit; font-weight: inherit;\" href=\"https:\/\/doi.org\/10.1016\/j.edurev.2023.100534\" target=\"_blank\" rel=\"noopener noreferrer\" data-auth=\"NotApplicable\" data-linkindex=\"1\">4<\/a><\/p>\t\t\t\t\t\t\t\t<\/div>\n\t\t\t\t<\/div>\n\t\t\t\t<div class=\"elementor-element elementor-element-de74875 elementor-widget elementor-widget-spacer\" data-id=\"de74875\" data-element_type=\"widget\" data-widget_type=\"spacer.default\">\n\t\t\t\t<div class=\"elementor-widget-container\">\n\t\t\t\t\t\t\t<div class=\"elementor-spacer\">\n\t\t\t<div class=\"elementor-spacer-inner\"><\/div>\n\t\t<\/div>\n\t\t\t\t\t\t<\/div>\n\t\t\t\t<\/div>\n\t\t\t\t<div class=\"elementor-element elementor-element-d19ddfb elementor-widget elementor-widget-heading\" data-id=\"d19ddfb\" data-element_type=\"widget\" data-widget_type=\"heading.default\">\n\t\t\t\t<div class=\"elementor-widget-container\">\n\t\t\t\t\t<h2 class=\"elementor-heading-title elementor-size-default\">Communications in Conferences<\/h2>\t\t\t\t<\/div>\n\t\t\t\t<\/div>\n\t\t\t\t<div class=\"elementor-element elementor-element-f10cd14 elementor-widget elementor-widget-text-editor\" data-id=\"f10cd14\" data-element_type=\"widget\" data-widget_type=\"text-editor.default\">\n\t\t\t\t<div class=\"elementor-widget-container\">\n\t\t\t\t\t\t\t\t\t<p>Ruiz-Eugenio, L.; Merodio, G.; Valls-Carol, R.; L\u00f3pez de Agileta, G. El Empoderamiento de Todas las Mujeres a trav\u00e9s de la Educaci\u00f3n de Personas Adultas para un Desarrollo Sostenible. CICFEM 2022. Congreso Internacional de Ciencia, Feminismo y Masculinidades. Valencia, 4 y 5 de Marzo de 2022<\/p>\n<p>Duque-S\u00e1nchez, E.; Ruiz-Eugenio, L. Aportaciones de las \u201cotras mujeres\u201d y prevenci\u00f3n del acoso sexual en educaci\u00f3n de personas adultas. CIMIE 2022. X Multidisciplinary International Congress of Educational Research, Barcelona, 30 de junio y 1 de julio de 2022<\/p>\n<p>Duque-S\u00e1nchez, E.; Merodio, G.; Padr\u00f3s, M. Preventing Sexual Harassment in Adult Education and Promoting Women Empowerment. ECER 2022 online. European Conference on Educational Research, Yerevan, 1-10 September 2022<\/p>\n<p>Ruiz-Eugenio, L.; Oliver, E.; Padr\u00f3s, M. Investigaciones internacionales sobre el empoderamiento de todas las mujeres a trav\u00e9s de la educaci\u00f3n para un desarrollo sostenible. CICFEM 2023. Congreso Internacional de Ciencia, Feminismo y Masculinidades. Valencia, 3 y 4 de Marzo de 2023<\/p>\n<p>Ruiz-Eugenio, L.; Garc\u00eda Yeste, C.; L\u00f3pez de Aguileta, G.; Vidu, A. The Empowerment of All Women Through Adult Education for a Sustainable Development\u201d. AERA 2022. American Educational Research Association Annual Meeting, Chicago, April 113-16, 2023<\/p>\n<p>Ruiz-Eugenio, L.; Ramis-Salas, M.; Jarque Mur, C.; Valls-Carol, R. CIMIE 23. Alfabetizaci\u00f3n digital y transformaci\u00f3n de sus comunidades por parte de mujeres mayores. CIMIE 2023. XI Multidisciplinary International Congress of Educational Research Santander, 6y 7 de julio de 2023<\/p>\n<p>Ramis-Salas, M. and Duque S\u00e1nchez. E. Digital literacy of great women and the transformation of their community. 8th International Catalan Congress of Sociology, Barcelona, July 13 and 14.<\/p>\n<p>Ruiz-Eugenio, L.; Tellado, I.; Duque, E. The Empowerment of the \u2018Other Women&#8217; and their Communities&#8217; Development through Education.&nbsp;ECER 2023. European Conference on Educational Research. Glasgow, 22 \u2013 25 August 2023.<\/p>\n<p>Valls Carol, R.; Ruiz-Eugenio, L.; Duque S\u00e1nchez, E. Alfabetizaci\u00f3n digital de mujeres mayores, contribuyendo al empoderamiento y a la superaci\u00f3n del sentimiento de aislamiento. XXVI Congreso Internacional de la Sociedad Iberoamericana de Pedagog\u00eda Social, Salamanca, del 4 al 6 de octubre, 2023.<\/p>\n<p>L\u00f3pez de Aguileta, G.; Crespo-L\u00f3pez, A.; Jarque Mur, C.; Correas-Cebri\u00e1n, A.; Melgarejo, K. Tertulias Literarias Dial\u00f3gicas y salud mental. El caso de un centro de atenci\u00f3n primaria. CICFEM 2024. VI Congreso Internacional de Ciencia Feminismo y Masculinidades, Valencia, 1 y 2 de marzo, 2024.<\/p>\n<p>Munt\u00e9, A.; Ruiz-Eugenio, L.; Botija, M.; Merodio, G.; Panel 2: Empoderamiento, Mujer y Mejora Social. CICFEM 2024. VI Congreso Internacional de Ciencia Feminismo y Masculinidades, Valencia, 1 y 2 de marzo, 2024.<\/p>\n<p>Valls-Carol, R.; Merodio, G.; Tellado, I. Panel Educaci\u00f3n de Personas Adultas. Contribuciones de las \u201cotras mujeres\u201d a la superaci\u00f3n de las desigualdades educativas. CIMIE 2024.&nbsp;XII Congreso Internacional Multidisciplinar de Investigaci\u00f3n Educativa (CIMIE). Asociaci\u00f3n Multidisciplinar de Investigaci\u00f3n Educativa (AMIE) y Universidad de Granada. 3, 4 y 5 de julio, 2024.<\/p>\n<p>Canal-Barbany, J.; Roca-Campos, E.; Carbonell-Sevilla, S.; Crespo-L\u00f3pez, A., Comunicaci\u00f3n &#8220;Impacto de la participaci\u00f3n educativa de mujeres no acad\u00e9micas en escuela de infantil y primaria&#8221;.&nbsp;<span style=\"background-color: var(--ast-global-color-5); font-size: 1rem;\">CIMIE 2024.&nbsp;XII Congreso Internacional Multidisciplinar de Investigaci\u00f3n Educativa (CIMIE). Asociaci\u00f3n Multidisciplinar de Investigaci\u00f3n Educativa (AMIE) y Universidad de Granada. 3, 4 y 5 de julio, 2024.<\/span><\/p>\n<p><span style=\"background-color: var(--ast-global-color-5);\">Valls-Carol, R.; L\u00f3pez de Aguileta, G.; Ramis-Salas, M.; Bordanoba, L. Comunicaci\u00f3n &#8220;El impacto de madres participantes en Tertulias Cient\u00edficas Dial\u00f3gicas en la convivencia de la escuela&#8221;.&nbsp;<\/span><span style=\"background-color: var(--ast-global-color-5); font-size: 1rem;\">CIMIE 2024.&nbsp;XII Congreso Internacional Multidisciplinar de Investigaci\u00f3n Educativa (CIMIE). Asociaci\u00f3n Multidisciplinar de Investigaci\u00f3n Educativa (AMIE) y Universidad de Granada. 3, 4 y 5 de julio, 2024.<\/span><span style=\"background-color: var(--ast-global-color-5);\"><br><\/span><\/p>\n<p><span style=\"background-color: var(--ast-global-color-5);\">Serrano-Alfonso, M.A.; Mu\u00f1oz-Gonz\u00e1lez, B. Comunicaci\u00f3n &#8220;Impacto de las Tertulias Literarias Dial\u00f3gicas en la Transformaci\u00f3n Social y Cultural de Mujeres Rurales&#8221;.&nbsp;<\/span><span style=\"background-color: var(--ast-global-color-5); font-size: 1rem;\">CIMIE 2024.&nbsp;XII Congreso Internacional Multidisciplinar de Investigaci\u00f3n Educativa (CIMIE). Asociaci\u00f3n Multidisciplinar de Investigaci\u00f3n Educativa (AMIE) y Universidad de Granada. 3, 4 y 5 de julio, 2024.<\/span><span style=\"background-color: var(--ast-global-color-5);\"><br><\/span><\/p>\n<p><span style=\"background-color: var(--ast-global-color-5);\">Merodio-Alonso, G.; Foncillas-Beamonte, M.; Tellado- Ruiz de Gauna, I. Comunicaci\u00f3n &#8220;Mejorando los aprendizajes y la convivencia mediante la participaci\u00f3n de madres marroqu\u00edes en un CRA&#8221;.&nbsp;<\/span><span style=\"background-color: var(--ast-global-color-5); font-size: 1rem;\">CIMIE 2024.&nbsp;XII Congreso Internacional Multidisciplinar de Investigaci\u00f3n Educativa (CIMIE). Asociaci\u00f3n Multidisciplinar de Investigaci\u00f3n Educativa (AMIE) y Universidad de Granada. 3, 4 y 5 de julio, 2024.<\/span><span style=\"background-color: var(--ast-global-color-5);\"><br><\/span><\/p>\n<p><span style=\"background-color: var(--ast-global-color-5);\">Joanpere, M.; Oliver, E.; Soler, M.; Universitat Rovira i Virgili, Spain; University of Barcelona, Spain. Conference Track: RN33 &#8211; Women\u2019s and Gender Studies &#8220;Women Empowered as Active Agents For The Living Together Of Their Communities&#8221;.&nbsp;<\/span><span style=\"background-color: var(--ast-global-color-5);\">16th ESA Conference2024 &#8211; European Sociological Association. Porto, Portugal. 27-30 Agosto 2024.<\/span><\/p>\t\t\t\t\t\t\t\t<\/div>\n\t\t\t\t<\/div>\n\t\t\t\t\t<\/div>\n\t\t<\/div>\n\t\t\t\t\t<\/div>\n\t\t<\/section>\n\t\t\t\t<section class=\"elementor-section elementor-top-section elementor-element elementor-element-66f5798 elementor-section-boxed elementor-section-height-default elementor-section-height-default\" data-id=\"66f5798\" data-element_type=\"section\">\n\t\t\t\t\t\t<div class=\"elementor-container elementor-column-gap-default\">\n\t\t\t\t\t<div class=\"elementor-column elementor-col-100 elementor-top-column elementor-element elementor-element-5641c55\" data-id=\"5641c55\" data-element_type=\"column\">\n\t\t\t<div class=\"elementor-widget-wrap elementor-element-populated\">\n\t\t\t\t\t\t<div class=\"elementor-element elementor-element-bc50e9d elementor-widget elementor-widget-spacer\" data-id=\"bc50e9d\" data-element_type=\"widget\" data-widget_type=\"spacer.default\">\n\t\t\t\t<div class=\"elementor-widget-container\">\n\t\t\t\t\t\t\t<div class=\"elementor-spacer\">\n\t\t\t<div class=\"elementor-spacer-inner\"><\/div>\n\t\t<\/div>\n\t\t\t\t\t\t<\/div>\n\t\t\t\t<\/div>\n\t\t\t\t\t<\/div>\n\t\t<\/div>\n\t\t\t\t\t<\/div>\n\t\t<\/section>\n\t\t\t\t<section class=\"elementor-section elementor-top-section elementor-element elementor-element-119cd95c elementor-section-boxed elementor-section-height-default elementor-section-height-default\" data-id=\"119cd95c\" data-element_type=\"section\" data-settings=\"{&quot;background_background&quot;:&quot;classic&quot;}\">\n\t\t\t\t\t\t<div class=\"elementor-container elementor-column-gap-default\">\n\t\t\t\t\t<div class=\"elementor-column elementor-col-50 elementor-top-column elementor-element elementor-element-6a27f215\" data-id=\"6a27f215\" data-element_type=\"column\">\n\t\t\t<div class=\"elementor-widget-wrap elementor-element-populated\">\n\t\t\t\t\t\t<div class=\"elementor-element elementor-element-648736b elementor-widget elementor-widget-text-editor\" data-id=\"648736b\" data-element_type=\"widget\" data-widget_type=\"text-editor.default\">\n\t\t\t\t<div class=\"elementor-widget-container\">\n\t\t\t\t\t\t\t\t\t<p><em>Project<\/em>:\u00a0<strong>ALL\u00a0WOMEN. The empowerment of\u00a0all\u00a0women\u00a0through adult education for a sustainable development<\/strong> (2021 &#8211; 2024)<br \/><em>Project number<\/em>:\u00a0<strong>PID2020-113137RA-I00<\/strong><br \/>The project is funded by\u00a0<strong>MCIN\/AEI\/ 10.13039\/501100011033 Ministerio de Ciencia e Innovaci\u00f3n, Agencia Estatal de Investigaci\u00f3n<\/strong>.<\/p>\t\t\t\t\t\t\t\t<\/div>\n\t\t\t\t<\/div>\n\t\t\t\t\t<\/div>\n\t\t<\/div>\n\t\t\t\t<div class=\"elementor-column elementor-col-50 elementor-top-column elementor-element elementor-element-675f0726\" data-id=\"675f0726\" data-element_type=\"column\">\n\t\t\t<div class=\"elementor-widget-wrap elementor-element-populated\">\n\t\t\t\t\t\t<div class=\"elementor-element elementor-element-04e656b elementor-widget elementor-widget-image\" data-id=\"04e656b\" data-element_type=\"widget\" data-widget_type=\"image.default\">\n\t\t\t\t<div class=\"elementor-widget-container\">\n\t\t\t\t\t\t\t\t\t\t\t\t\t\t\t<img decoding=\"async\" width=\"1024\" height=\"251\" src=\"https:\/\/creacommunity.org\/all-women\/wp-content\/uploads\/2024\/11\/MICIUAEI_2024-4-1024x251.jpg\" class=\"attachment-large size-large wp-image-357\" alt=\"\" srcset=\"https:\/\/creacommunity.org\/all-women\/wp-content\/uploads\/2024\/11\/MICIUAEI_2024-4-1024x251.jpg 1024w, https:\/\/creacommunity.org\/all-women\/wp-content\/uploads\/2024\/11\/MICIUAEI_2024-4-300x74.jpg 300w, https:\/\/creacommunity.org\/all-women\/wp-content\/uploads\/2024\/11\/MICIUAEI_2024-4-768x189.jpg 768w, https:\/\/creacommunity.org\/all-women\/wp-content\/uploads\/2024\/11\/MICIUAEI_2024-4-1536x377.jpg 1536w, https:\/\/creacommunity.org\/all-women\/wp-content\/uploads\/2024\/11\/MICIUAEI_2024-4-2048x503.jpg 2048w\" sizes=\"(max-width: 1024px) 100vw, 1024px\" \/>\t\t\t\t\t\t\t\t\t\t\t\t\t\t\t<\/div>\n\t\t\t\t<\/div>\n\t\t\t\t\t<\/div>\n\t\t<\/div>\n\t\t\t\t\t<\/div>\n\t\t<\/section>\n\t\t\t\t<section class=\"elementor-section elementor-top-section elementor-element elementor-element-bb32f12 elementor-section-boxed elementor-section-height-default elementor-section-height-default\" data-id=\"bb32f12\" data-element_type=\"section\" data-settings=\"{&quot;background_background&quot;:&quot;classic&quot;}\">\n\t\t\t\t\t\t<div class=\"elementor-container elementor-column-gap-default\">\n\t\t\t\t\t<div class=\"elementor-column elementor-col-100 elementor-top-column elementor-element elementor-element-2d396984\" data-id=\"2d396984\" data-element_type=\"column\">\n\t\t\t<div class=\"elementor-widget-wrap elementor-element-populated\">\n\t\t\t\t\t\t<div class=\"elementor-element elementor-element-7715e0f1 elementor-widget elementor-widget-text-editor\" data-id=\"7715e0f1\" data-element_type=\"widget\" data-widget_type=\"text-editor.default\">\n\t\t\t\t<div class=\"elementor-widget-container\">\n\t\t\t\t\t\t\t\t\tCopyright \u00a9 ALL WOMEN 2021\t\t\t\t\t\t\t\t<\/div>\n\t\t\t\t<\/div>\n\t\t\t\t\t<\/div>\n\t\t<\/div>\n\t\t\t\t\t<\/div>\n\t\t<\/section>\n\t\t\t\t<\/div>\n\t\t","protected":false},"excerpt":{"rendered":"<p>Project Dissemination Publications Crespo-L\u00f3pez, A., Valls-Carol, R., &amp; Giner-Gota, E. (2025). The co-creation and implementation of a protocol for the prevention of gender violence in a non-university adult educational center. Behavioral Sciences, 15(4), 406.&nbsp;https:\/\/doi.org\/10.3390\/bs15040406&nbsp; Crespo-L\u00f3pez, A., Ca\u00f1averas, P., \u00c1lvarez-Guerrero, G., Olabarria, A., Lopez de Aguileta, G., Alzaga, A., Bordanoba, L., Puigvert, L., Flecha, R., &amp; [&hellip;]<\/p>\n","protected":false},"author":1,"featured_media":0,"parent":0,"menu_order":0,"comment_status":"closed","ping_status":"closed","template":"","meta":{"site-sidebar-layout":"no-sidebar","site-content-layout":"page-builder","ast-site-content-layout":"default","site-content-style":"default","site-sidebar-style":"default","ast-global-header-display":"","ast-banner-title-visibility":"","ast-main-header-display":"","ast-hfb-above-header-display":"","ast-hfb-below-header-display":"","ast-hfb-mobile-header-display":"","site-post-title":"disabled","ast-breadcrumbs-content":"","ast-featured-img":"disabled","footer-sml-layout":"","theme-transparent-header-meta":"","adv-header-id-meta":"","stick-header-meta":"","header-above-stick-meta":"","header-main-stick-meta":"","header-below-stick-meta":"","astra-migrate-meta-layouts":"default","ast-page-background-enabled":"default","ast-page-background-meta":{"desktop":{"background-color":"var(--ast-global-color-4)","background-image":"","background-repeat":"repeat","background-position":"center center","background-size":"auto","background-attachment":"scroll","background-type":"","background-media":"","overlay-type":"","overlay-color":"","overlay-opacity":"","overlay-gradient":""},"tablet":{"background-color":"","background-image":"","background-repeat":"repeat","background-position":"center center","background-size":"auto","background-attachment":"scroll","background-type":"","background-media":"","overlay-type":"","overlay-color":"","overlay-opacity":"","overlay-gradient":""},"mobile":{"background-color":"","background-image":"","background-repeat":"repeat","background-position":"center center","background-size":"auto","background-attachment":"scroll","background-type":"","background-media":"","overlay-type":"","overlay-color":"","overlay-opacity":"","overlay-gradient":""}},"ast-content-background-meta":{"desktop":{"background-color":"var(--ast-global-color-5)","background-image":"","background-repeat":"repeat","background-position":"center center","background-size":"auto","background-attachment":"scroll","background-type":"","background-media":"","overlay-type":"","overlay-color":"","overlay-opacity":"","overlay-gradient":""},"tablet":{"background-color":"var(--ast-global-color-5)","background-image":"","background-repeat":"repeat","background-position":"center center","background-size":"auto","background-attachment":"scroll","background-type":"","background-media":"","overlay-type":"","overlay-color":"","overlay-opacity":"","overlay-gradient":""},"mobile":{"background-color":"var(--ast-global-color-5)","background-image":"","background-repeat":"repeat","background-position":"center center","background-size":"auto","background-attachment":"scroll","background-type":"","background-media":"","overlay-type":"","overlay-color":"","overlay-opacity":"","overlay-gradient":""}},"footnotes":""},"class_list":["post-20","page","type-page","status-publish","hentry"],"_links":{"self":[{"href":"https:\/\/creacommunity.org\/all-women\/wp-json\/wp\/v2\/pages\/20","targetHints":{"allow":["GET"]}}],"collection":[{"href":"https:\/\/creacommunity.org\/all-women\/wp-json\/wp\/v2\/pages"}],"about":[{"href":"https:\/\/creacommunity.org\/all-women\/wp-json\/wp\/v2\/types\/page"}],"author":[{"embeddable":true,"href":"https:\/\/creacommunity.org\/all-women\/wp-json\/wp\/v2\/users\/1"}],"replies":[{"embeddable":true,"href":"https:\/\/creacommunity.org\/all-women\/wp-json\/wp\/v2\/comments?post=20"}],"version-history":[{"count":67,"href":"https:\/\/creacommunity.org\/all-women\/wp-json\/wp\/v2\/pages\/20\/revisions"}],"predecessor-version":[{"id":380,"href":"https:\/\/creacommunity.org\/all-women\/wp-json\/wp\/v2\/pages\/20\/revisions\/380"}],"wp:attachment":[{"href":"https:\/\/creacommunity.org\/all-women\/wp-json\/wp\/v2\/media?parent=20"}],"curies":[{"name":"wp","href":"https:\/\/api.w.org\/{rel}","templated":true}]}}